tor of 3406274 and 823670?
5314
Calculate the highest common divisor of 7443 and 13488370.
827
What is the greatest common divisor of 4663418 and 26994?
818
Calculate the highest common divisor of 204390 and 930.
30
Calculate the highest common factor of 104 and 93822248.
104
Calculate the highest common factor of 9216 and 658432.
1024
What is the highest common factor of 81240 and 2328?
24
Calculate the greatest common factor of 39576 and 2263689.
291
Calculate the highest common factor of 1601 and 4414464517.
1601
Calculate the highest common divisor of 33 and 96854560.
11
What is the greatest common factor of 19240812 and 4635?
927
Calculate the highest common divisor of 1080 and 14050800.
1080
What is the highest common divisor of 1594360 and 13592?
8
What is the greatest common divisor of 9503 and 516507056?
9503
What is the highest common factor of 227421950 and 10?
10
Calculate the highest common factor of 14013 and 152523.
81
Calculate the greatest common divisor of 33258 and 4805058.
1446
Calculate the highest common divisor of 5 and 4272228.
1
What is the highest common divisor of 192976 and 32176?
16
Calculate the greatest common factor of 231742265 and 10148.
2537
Calculate the greatest common factor of 453004 and 18748.
436
What is the highest common factor of 654676 and 77?
11
Calculate the highest common divisor of 2633211 and 241399.
853
What is the highest common factor of 78850 and 11495?
95
What is the greatest common divisor of 5684 and 81538604?
812
What is the greatest common factor of 2176 and 201466592?
544
Calculate the greatest common divisor of 30728302 and 571723.
7237
Calculate the highest common divisor of 63 and 170547307.
7
Calculate the greatest common factor of 3199131 and 5382.
117
Calculate the highest common factor of 7391754 and 64128.
1002
Calculate the highest common divisor of 844976 and 1665947.
4801
Calculate the greatest common divisor of 4728280 and 8686.
86
Calculate the highest common factor of 9620134 and 11942.
1706
Calculate the greatest common factor of 5075 and 9107.
7
What is the highest common factor of 81062352 and 11740?
2348
What is the greatest common factor of 15 and 223855095?
15
What is the highest common divisor of 2689128 and 272?
136
What is the highest common factor of 1356 and 527136?
12
Calculate the greatest common divisor of 66 and 36570182.
22
Calculate the highest common factor of 24904 and 32770551.
3113
What is the greatest common factor of 8571 and 2661?
3
What is the highest common factor of 21 and 491540721?
21
Calculate the greatest common divisor of 3550950 and 258582.
3642
Calculate the greatest common factor of 7534084 and 15515.
3103
What is the greatest common factor of 608321 and 6016?
47
Calculate the highest common divisor of 1490 and 65610.
10
What is the greatest common divisor of 13368171 and 5525?
17
Calculate the highest common factor of 10339177 and 2215.
443
What is the greatest common divisor of 14152 and 3734359?
1769
Calculate the highest common divisor of 186800 and 334372.
1868
Calculate the greatest common divisor of 42 and 49708338.
6
Calculate the highest common factor of 1038919 and 2509.
193
What is the highest common factor of 70 and 5965820?
70
What is the greatest common factor of 256 and 8968528?
16
What is the greatest common factor of 5698537 and 76?
19
What is the highest common divisor of 1 and 4966991?
1
Calculate the greatest common divisor of 66119928 and 14.
14
What is the highest common divisor of 263432 and 46?
2
What is the greatest common divisor of 52 and 18554552?
4
What is the highest common divisor of 195061201 and 817?
817
Calculate the greatest common divisor of 355617258 and 18.
6
Calculate the highest common divisor of 4304 and 30763378.
538
What is the greatest common divisor of 283008 and 2927632?
1072
Calculate the highest common divisor of 324 and 27538191.
27
Calculate the greatest common divisor of 87 and 19256754.
87
Calculate the greatest common factor of 24 and 7379418.
6
What is the greatest common factor of 4100194 and 638?
58
What is the highest common divisor of 8304 and 599618?
346
What is the greatest common divisor of 8111312 and 51?
17
What is the highest common divisor of 5740732 and 8?
4
Calculate the greatest common factor of 13624 and 111350.
262
What is the greatest common divisor of 2 and 115210264?
2
Calculate the highest common factor of 164570 and 51590.
70
What is the greatest common factor of 103170 and 3667?
19
What is the greatest common divisor of 8575 and 210100?
25
What is the greatest common divisor of 6597001 and 334?
167
What is the highest common factor of 25920 and 19769670?
810
What is the greatest common factor of 72 and 56478060?
36
What is the greatest common divisor of 257521863 and 11486?
5743
Calculate the greatest common factor of 114868 and 579980.
188
Calculate the greatest common divisor of 5692987 and 50169.
2389
Calculate the highest common divisor of 17034 and 16594122.
1002
What is the highest common factor of 103812978 and 3540?
354
What is the highest common divisor of 8208 and 24366096?
432
What is the greatest common divisor of 196680 and 481800?
1320
Calculate the greatest common factor of 766377 and 8469.
9
What is the highest common factor of 45 and 13696065?
45
Calculate the greatest common factor of 103845 and 25094265.
2415
Calculate the highest common factor of 4563218 and 33.
11
What is the highest common factor of 467400 and 1977900?
5700
Calculate the greatest common factor of 13489 and 42523109.
1927
What is the highest common divisor of 8455 and 1405221?
1691
What is the highest common factor of 4531098 and 4446?
78
What is the highest common factor of 855 and 68398195?
95
What is the greatest common factor of 17091 and 477171?
81
What is the highest common divisor of 2316464 and 288?
16
What is the greatest common factor of 15698 and 6357523?
167
What is the highest common factor of 632 and 593616?
8
Calculate the highest common divisor of 734502 and 28425.
1137
What is the greatest common factor of 33341 and 87889907?
3031
What is the highest common divisor of 18942 and 5345088?
1722
Calculate the highest common factor of 17124643 and 3420.
19
Calculate the greatest common factor of 10927511 and 20860.
1043
What is the greatest common factor of 1 and 1109291?
1
What is the greatest common divisor of 4726476 and 1980?
36
What is the greatest common divisor of 4486 and 56626778?
4486
Calculate the highest common factor of 126 and 110254698.
18
Calculate the highest common divisor of 624 and 2867826.
78
Calculate the highest common factor of 406908 and 1064796.
1068
What is the greatest common factor of 1599 and 677937?
39
Calculate the greatest common divisor of 9971 and 813787.
767
Calculate the highest common divisor of 5562 and 3558856.
206
Calculate the greatest common divisor of 9420364 and 20484.
2276
What is the highest common divisor of 860499 and 230?
23
Calculate the highest common divisor of 872 and 238808.
8
Calculate the highest common divisor of 148170234 and 6.
6
What is the highest common divisor of 1502 and 167870?
2
What is the greatest common divisor of 740 and 82193465?
185
Calculate the highest common factor of 182954 and 12.
2
What is the greatest common divisor of 5082357 and 9?
3
What is the highest common factor of 1121 and 133563787?
1121
What is the highest common factor of 11097872 and 272?
272
Calculate the greatest common divisor of 16890221 and 133.
19
Calculate the greatest common divisor of 199280 and 6899600.
3760
Calculate the greatest common factor of 165528 and 254584.
968
Calculate the greatest common factor of 216650 and 2270.
10
Calculate the highest common factor of 177967812 and 1541.
67
Calculate the greatest common factor of 183211 and 1519.
49
What is the highest common divisor of 75766369 and 14?
7
What is the greatest common factor of 1257 and 669462278?
419
Calculate the highest common factor of 72318 and 14889.
2127
What is the greatest common divisor of 114282664 and 1266?
422
Calculate the greatest common factor of 14398902 and 126.
126
Calculate the greatest common factor of 184 and 4863448.
8
What is the greatest common divisor of 561 and 8259654?
51
What is the highest common divisor of 2233056